{"id":212,"date":"2022-02-08T20:47:44","date_gmt":"2022-02-08T19:47:44","guid":{"rendered":"http:\/\/aef-elkantara.fr\/index.php\/hestia-front\/"},"modified":"2022-03-28T11:54:59","modified_gmt":"2022-03-28T09:54:59","slug":"accueil-aef-el-kantara-assoc-del-kantara-vivant-en-france","status":"publish","type":"page","link":"https:\/\/aef-elkantara.fr\/","title":{"rendered":"Page d&rsquo;accueil"},"content":{"rendered":"\n<p>L\u2019association <strong>AEF El Kantara<\/strong>, \u00e0 but non lucratif, a \u00e9t\u00e9 cr\u00e9\u00e9e en 1972 par 13 personnes, dont Cherhabil Adbelhamid, le premier pr\u00e9sident de l\u2019association, actuellement pr\u00e9sid\u00e9 par KISSA Mabrouk. Nous sommes \u00e9tablis en r\u00e9gion parisienne (Chilly-Mazarin, Essonne).<\/p>\n\n\n\n<p>L\u2019association <strong>AEF El Kantara<\/strong> porte ce nom du fait du village d\u2019origine de ses fondateurs&nbsp;: <a href=\"https:\/\/youtu.be\/U5sD57J9FlY\" target=\"_blank\" rel=\"noreferrer noopener\"><strong>El Kantara<\/strong><\/a>. Il s\u2019agit d\u2019une oasis situ\u00e9e dans la wilaya de Biskra, en Alg\u00e9rie.<\/p>\n\n\n\n<p>Notre vocation initiale \u00e9tait de venir en aide aux El Kantarien vivant en France pour <a href=\"https:\/\/aef-elkantara.fr\/index.php\/activites\/aides-au-rapatriement-des-defunts\/\" target=\"_blank\" rel=\"noreferrer noopener\"><strong>rapatrier les d\u00e9funts<\/strong><\/a> des familles. Depuis, ce n\u2019est plus notre unique activit\u00e9. Nous venons par exemple <a href=\"https:\/\/aef-elkantara.fr\/index.php\/activites\/donations\/\" target=\"_blank\" rel=\"noreferrer noopener\"><strong>en aide \u00e0 tous les Kantariens<\/strong><\/a> en leur envoyant des fonds avec lesquelles ils ont achet\u00e9 diff\u00e9rentes fournitures m\u00e9dicales. Nous effectuons \u00e9galement des donations ainsi que de<strong> <a href=\"https:\/\/aef-elkantara.fr\/index.php\/activites\/aides-aux-obseques\/\" target=\"_blank\" rel=\"noreferrer noopener\">l\u2019aide pour les enterrements<\/a>.<\/strong><\/p>\n\n\n\n<p>A la cr\u00e9ation de l\u2019association, nous comptions 50 adh\u00e9rents. Nous rassemblons aujourd\u2019hui plus de 500 adh\u00e9rents.<\/p>\n","protected":false},"excerpt":{"rendered":"<p>L\u2019association AEF El Kantara, \u00e0 but non lucratif, a \u00e9t\u00e9 cr\u00e9\u00e9e en 1972 par 13 personnes, dont Cherhabil Adbelhamid, le premier pr\u00e9sident de l\u2019association, actuellement pr\u00e9sid\u00e9 par KISSA Mabrouk. Nous sommes \u00e9tablis en r\u00e9gion parisienne (Chilly-Mazarin, Essonne). L\u2019association AEF El Kantara porte ce nom du fait du village d\u2019origine de [&hellip;]<\/p>\n","protected":false},"author":1,"featured_media":258,"parent":0,"menu_order":0,"comment_status":"closed","ping_status":"closed","template":"","meta":{"_themeisle_gutenberg_block_has_review":false,"footnotes":""},"class_list":["post-212","page","type-page","status-publish","has-post-thumbnail","hentry"],"yoast_head":"<!-- This site is optimized with the Yoast SEO plugin v27.3 - https:\/\/yoast.com\/product\/yoast-seo-wordpress\/ -->\n<title>Accueil - AEF el Kantara - Assoc d\u2019El Kantara vivant en France<\/title>\n<meta name=\"description\" content=\"AEF El Kantara accompagne les ressortissants alg\u00e9riens r\u00e9sidant en France pour l\u2019inhumation des d\u00e9funts ainsi que leur rapatriement en Alg\u00e9rie\" \/>\n<meta name=\"robots\" content=\"index, follow, max-snippet:-1, max-image-preview:large, max-video-preview:-1\" \/>\n<link rel=\"canonical\" href=\"https:\/\/aef-elkantara.fr\/\" \/>\n<meta property=\"og:locale\" content=\"fr_FR\" \/>\n<meta property=\"og:type\" content=\"article\" \/>\n<meta property=\"og:title\" content=\"Accueil - AEF el Kantara - Assoc d\u2019El Kantara vivant en France\" \/>\n<meta property=\"og:description\" content=\"AEF El Kantara accompagne les ressortissants alg\u00e9riens r\u00e9sidant en France pour l\u2019inhumation des d\u00e9funts ainsi que leur rapatriement en Alg\u00e9rie\" \/>\n<meta property=\"og:url\" content=\"https:\/\/aef-elkantara.fr\/\" \/>\n<meta property=\"og:site_name\" content=\"AEF el Kantara\" \/>\n<meta property=\"article:modified_time\" content=\"2022-03-28T09:54:59+00:00\" \/>\n<meta property=\"og:image\" content=\"http:\/\/aef-elkantara.fr\/wp-content\/uploads\/2022\/02\/received_314192604088561.jpeg\" \/>\n\t<meta property=\"og:image:width\" content=\"960\" \/>\n\t<meta property=\"og:image:height\" content=\"720\" \/>\n\t<meta property=\"og:image:type\" content=\"image\/jpeg\" \/>\n<meta name=\"twitter:card\" content=\"summary_large_image\" \/>\n<meta name=\"twitter:label1\" content=\"Dur\u00e9e de lecture estim\u00e9e\" \/>\n\t<meta name=\"twitter:data1\" content=\"1 minute\" \/>\n<script type=\"application\/ld+json\" class=\"yoast-schema-graph\">{\"@context\":\"https:\\\/\\\/schema.org\",\"@graph\":[{\"@type\":\"WebPage\",\"@id\":\"https:\\\/\\\/aef-elkantara.fr\\\/\",\"url\":\"https:\\\/\\\/aef-elkantara.fr\\\/\",\"name\":\"Accueil - AEF el Kantara - Assoc d\u2019El Kantara vivant en France\",\"isPartOf\":{\"@id\":\"https:\\\/\\\/aef-elkantara.fr\\\/#website\"},\"primaryImageOfPage\":{\"@id\":\"https:\\\/\\\/aef-elkantara.fr\\\/#primaryimage\"},\"image\":{\"@id\":\"https:\\\/\\\/aef-elkantara.fr\\\/#primaryimage\"},\"thumbnailUrl\":\"https:\\\/\\\/aef-elkantara.fr\\\/wp-content\\\/uploads\\\/2022\\\/02\\\/received_314192604088561.jpeg\",\"datePublished\":\"2022-02-08T19:47:44+00:00\",\"dateModified\":\"2022-03-28T09:54:59+00:00\",\"description\":\"AEF El Kantara accompagne les ressortissants alg\u00e9riens r\u00e9sidant en France pour l\u2019inhumation des d\u00e9funts ainsi que leur rapatriement en Alg\u00e9rie\",\"breadcrumb\":{\"@id\":\"https:\\\/\\\/aef-elkantara.fr\\\/#breadcrumb\"},\"inLanguage\":\"fr-FR\",\"potentialAction\":[{\"@type\":\"ReadAction\",\"target\":[\"https:\\\/\\\/aef-elkantara.fr\\\/\"]}]},{\"@type\":\"ImageObject\",\"inLanguage\":\"fr-FR\",\"@id\":\"https:\\\/\\\/aef-elkantara.fr\\\/#primaryimage\",\"url\":\"https:\\\/\\\/aef-elkantara.fr\\\/wp-content\\\/uploads\\\/2022\\\/02\\\/received_314192604088561.jpeg\",\"contentUrl\":\"https:\\\/\\\/aef-elkantara.fr\\\/wp-content\\\/uploads\\\/2022\\\/02\\\/received_314192604088561.jpeg\",\"width\":960,\"height\":720,\"caption\":\"El Kantara 4\"},{\"@type\":\"BreadcrumbList\",\"@id\":\"https:\\\/\\\/aef-elkantara.fr\\\/#breadcrumb\",\"itemListElement\":[{\"@type\":\"ListItem\",\"position\":1,\"name\":\"Accueil\",\"item\":\"https:\\\/\\\/aef-elkantara.fr\\\/\"},{\"@type\":\"ListItem\",\"position\":2,\"name\":\"Page d&rsquo;accueil\"}]},{\"@type\":\"WebSite\",\"@id\":\"https:\\\/\\\/aef-elkantara.fr\\\/#website\",\"url\":\"https:\\\/\\\/aef-elkantara.fr\\\/\",\"name\":\"AEF el Kantara\",\"description\":\"Assoc d\u2019El Kantara vivant en France\",\"publisher\":{\"@id\":\"https:\\\/\\\/aef-elkantara.fr\\\/#organization\"},\"potentialAction\":[{\"@type\":\"SearchAction\",\"target\":{\"@type\":\"EntryPoint\",\"urlTemplate\":\"https:\\\/\\\/aef-elkantara.fr\\\/?s={search_term_string}\"},\"query-input\":{\"@type\":\"PropertyValueSpecification\",\"valueRequired\":true,\"valueName\":\"search_term_string\"}}],\"inLanguage\":\"fr-FR\"},{\"@type\":\"Organization\",\"@id\":\"https:\\\/\\\/aef-elkantara.fr\\\/#organization\",\"name\":\"AEF el Kantara\",\"url\":\"https:\\\/\\\/aef-elkantara.fr\\\/\",\"logo\":{\"@type\":\"ImageObject\",\"inLanguage\":\"fr-FR\",\"@id\":\"https:\\\/\\\/aef-elkantara.fr\\\/#\\\/schema\\\/logo\\\/image\\\/\",\"url\":\"https:\\\/\\\/aef-elkantara.fr\\\/wp-content\\\/uploads\\\/2022\\\/02\\\/Black-logo-no-background.png\",\"contentUrl\":\"https:\\\/\\\/aef-elkantara.fr\\\/wp-content\\\/uploads\\\/2022\\\/02\\\/Black-logo-no-background.png\",\"width\":3183,\"height\":3113,\"caption\":\"AEF el Kantara\"},\"image\":{\"@id\":\"https:\\\/\\\/aef-elkantara.fr\\\/#\\\/schema\\\/logo\\\/image\\\/\"}}]}<\/script>\n<!-- \/ Yoast SEO plugin. -->","yoast_head_json":{"title":"Accueil - AEF el Kantara - Assoc d\u2019El Kantara vivant en France","description":"AEF El Kantara accompagne les ressortissants alg\u00e9riens r\u00e9sidant en France pour l\u2019inhumation des d\u00e9funts ainsi que leur rapatriement en Alg\u00e9rie","robots":{"index":"index","follow":"follow","max-snippet":"max-snippet:-1","max-image-preview":"max-image-preview:large","max-video-preview":"max-video-preview:-1"},"canonical":"https:\/\/aef-elkantara.fr\/","og_locale":"fr_FR","og_type":"article","og_title":"Accueil - AEF el Kantara - Assoc d\u2019El Kantara vivant en France","og_description":"AEF El Kantara accompagne les ressortissants alg\u00e9riens r\u00e9sidant en France pour l\u2019inhumation des d\u00e9funts ainsi que leur rapatriement en Alg\u00e9rie","og_url":"https:\/\/aef-elkantara.fr\/","og_site_name":"AEF el Kantara","article_modified_time":"2022-03-28T09:54:59+00:00","og_image":[{"width":960,"height":720,"url":"http:\/\/aef-elkantara.fr\/wp-content\/uploads\/2022\/02\/received_314192604088561.jpeg","type":"image\/jpeg"}],"twitter_card":"summary_large_image","twitter_misc":{"Dur\u00e9e de lecture estim\u00e9e":"1 minute"},"schema":{"@context":"https:\/\/schema.org","@graph":[{"@type":"WebPage","@id":"https:\/\/aef-elkantara.fr\/","url":"https:\/\/aef-elkantara.fr\/","name":"Accueil - AEF el Kantara - Assoc d\u2019El Kantara vivant en France","isPartOf":{"@id":"https:\/\/aef-elkantara.fr\/#website"},"primaryImageOfPage":{"@id":"https:\/\/aef-elkantara.fr\/#primaryimage"},"image":{"@id":"https:\/\/aef-elkantara.fr\/#primaryimage"},"thumbnailUrl":"https:\/\/aef-elkantara.fr\/wp-content\/uploads\/2022\/02\/received_314192604088561.jpeg","datePublished":"2022-02-08T19:47:44+00:00","dateModified":"2022-03-28T09:54:59+00:00","description":"AEF El Kantara accompagne les ressortissants alg\u00e9riens r\u00e9sidant en France pour l\u2019inhumation des d\u00e9funts ainsi que leur rapatriement en Alg\u00e9rie","breadcrumb":{"@id":"https:\/\/aef-elkantara.fr\/#breadcrumb"},"inLanguage":"fr-FR","potentialAction":[{"@type":"ReadAction","target":["https:\/\/aef-elkantara.fr\/"]}]},{"@type":"ImageObject","inLanguage":"fr-FR","@id":"https:\/\/aef-elkantara.fr\/#primaryimage","url":"https:\/\/aef-elkantara.fr\/wp-content\/uploads\/2022\/02\/received_314192604088561.jpeg","contentUrl":"https:\/\/aef-elkantara.fr\/wp-content\/uploads\/2022\/02\/received_314192604088561.jpeg","width":960,"height":720,"caption":"El Kantara 4"},{"@type":"BreadcrumbList","@id":"https:\/\/aef-elkantara.fr\/#breadcrumb","itemListElement":[{"@type":"ListItem","position":1,"name":"Accueil","item":"https:\/\/aef-elkantara.fr\/"},{"@type":"ListItem","position":2,"name":"Page d&rsquo;accueil"}]},{"@type":"WebSite","@id":"https:\/\/aef-elkantara.fr\/#website","url":"https:\/\/aef-elkantara.fr\/","name":"AEF el Kantara","description":"Assoc d\u2019El Kantara vivant en France","publisher":{"@id":"https:\/\/aef-elkantara.fr\/#organization"},"potentialAction":[{"@type":"SearchAction","target":{"@type":"EntryPoint","urlTemplate":"https:\/\/aef-elkantara.fr\/?s={search_term_string}"},"query-input":{"@type":"PropertyValueSpecification","valueRequired":true,"valueName":"search_term_string"}}],"inLanguage":"fr-FR"},{"@type":"Organization","@id":"https:\/\/aef-elkantara.fr\/#organization","name":"AEF el Kantara","url":"https:\/\/aef-elkantara.fr\/","logo":{"@type":"ImageObject","inLanguage":"fr-FR","@id":"https:\/\/aef-elkantara.fr\/#\/schema\/logo\/image\/","url":"https:\/\/aef-elkantara.fr\/wp-content\/uploads\/2022\/02\/Black-logo-no-background.png","contentUrl":"https:\/\/aef-elkantara.fr\/wp-content\/uploads\/2022\/02\/Black-logo-no-background.png","width":3183,"height":3113,"caption":"AEF el Kantara"},"image":{"@id":"https:\/\/aef-elkantara.fr\/#\/schema\/logo\/image\/"}}]}},"_links":{"self":[{"href":"https:\/\/aef-elkantara.fr\/index.php\/wp-json\/wp\/v2\/pages\/212","targetHints":{"allow":["GET"]}}],"collection":[{"href":"https:\/\/aef-elkantara.fr\/index.php\/wp-json\/wp\/v2\/pages"}],"about":[{"href":"https:\/\/aef-elkantara.fr\/index.php\/wp-json\/wp\/v2\/types\/page"}],"author":[{"embeddable":true,"href":"https:\/\/aef-elkantara.fr\/index.php\/wp-json\/wp\/v2\/users\/1"}],"replies":[{"embeddable":true,"href":"https:\/\/aef-elkantara.fr\/index.php\/wp-json\/wp\/v2\/comments?post=212"}],"version-history":[{"count":14,"href":"https:\/\/aef-elkantara.fr\/index.php\/wp-json\/wp\/v2\/pages\/212\/revisions"}],"predecessor-version":[{"id":898,"href":"https:\/\/aef-elkantara.fr\/index.php\/wp-json\/wp\/v2\/pages\/212\/revisions\/898"}],"wp:featuredmedia":[{"embeddable":true,"href":"https:\/\/aef-elkantara.fr\/index.php\/wp-json\/wp\/v2\/media\/258"}],"wp:attachment":[{"href":"https:\/\/aef-elkantara.fr\/index.php\/wp-json\/wp\/v2\/media?parent=212"}],"curies":[{"name":"wp","href":"https:\/\/api.w.org\/{rel}","templated":true}]}}