{"id":342,"date":"2022-02-16T15:47:05","date_gmt":"2022-02-16T14:47:05","guid":{"rendered":"https:\/\/aef-elkantara.fr\/?page_id=342"},"modified":"2022-03-21T18:24:54","modified_gmt":"2022-03-21T17:24:54","slug":"contact","status":"publish","type":"page","link":"https:\/\/aef-elkantara.fr\/index.php\/contact\/","title":{"rendered":"Contact"},"content":{"rendered":"\t\t<div data-elementor-type=\"wp-page\" data-elementor-id=\"342\" class=\"elementor elementor-342\">\n\t\t\t\t\t\t<section class=\"elementor-section elementor-top-section elementor-element elementor-element-29e2c05 elementor-section-full_width elementor-section-height-default elementor-section-height-default\" data-id=\"29e2c05\" data-element_type=\"section\" data-e-type=\"section\">\n\t\t\t\t\t\t<div class=\"elementor-container elementor-column-gap-default\">\n\t\t\t\t\t<div class=\"elementor-column elementor-col-100 elementor-top-column elementor-element elementor-element-7bf4d5b\" data-id=\"7bf4d5b\" data-element_type=\"column\" data-e-type=\"column\">\n\t\t\t<div class=\"elementor-widget-wrap elementor-element-populated\">\n\t\t\t\t\t\t<div class=\"elementor-element elementor-element-364d692 elementor-invisible elementor-widget elementor-widget-shortcode\" data-id=\"364d692\" data-element_type=\"widget\" data-e-type=\"widget\" data-settings=\"{&quot;_animation&quot;:&quot;fadeInLeft&quot;}\" data-widget_type=\"shortcode.default\">\n\t\t\t\t<div class=\"elementor-widget-container\">\n\t\t\t\t\t\t\t<div class=\"elementor-shortcode\"><span><span><a href=\"https:\/\/aef-elkantara.fr\/\">Accueil<\/a><\/span><\/span><\/div>\n\t\t\t\t\t\t<\/div>\n\t\t\t\t<\/div>\n\t\t\t\t<div class=\"elementor-element elementor-element-da94143 elementor-widget elementor-widget-heading\" data-id=\"da94143\" data-element_type=\"widget\" data-e-type=\"widget\" data-widget_type=\"heading.default\">\n\t\t\t\t<div class=\"elementor-widget-container\">\n\t\t\t\t\t<h2 class=\"elementor-heading-title elementor-size-default\">AEF el Kantara<\/h2>\t\t\t\t<\/div>\n\t\t\t\t<\/div>\n\t\t\t\t<div class=\"elementor-element elementor-element-e7ee338 elementor-widget elementor-widget-text-editor\" data-id=\"e7ee338\" data-element_type=\"widget\" data-e-type=\"widget\" data-widget_type=\"text-editor.default\">\n\t\t\t\t<div class=\"elementor-widget-container\">\n\t\t\t\t\t\t\t\t\t<p><strong>+33 (0)6 02 17 67 18<\/strong><\/p><p><strong>\u00a0 du lundi au Vendredi- 8:00-19:00<\/strong><\/p>\t\t\t\t\t\t\t\t<\/div>\n\t\t\t\t<\/div>\n\t\t\t\t<div class=\"elementor-element elementor-element-2551657 elementor-widget elementor-widget-image\" data-id=\"2551657\" data-element_type=\"widget\" data-e-type=\"widget\" data-widget_type=\"image.default\">\n\t\t\t\t<div class=\"elementor-widget-container\">\n\t\t\t\t\t\t\t\t\t\t\t\t\t\t\t<img fetchpriority=\"high\" decoding=\"async\" width=\"300\" height=\"300\" src=\"https:\/\/aef-elkantara.fr\/wp-content\/uploads\/2022\/02\/Color-logo-with-background-_-round-300x300.png\" class=\"attachment-medium size-medium wp-image-314\" alt=\"\" srcset=\"https:\/\/aef-elkantara.fr\/wp-content\/uploads\/2022\/02\/Color-logo-with-background-_-round-300x300.png 300w, https:\/\/aef-elkantara.fr\/wp-content\/uploads\/2022\/02\/Color-logo-with-background-_-round-1024x1024.png 1024w, https:\/\/aef-elkantara.fr\/wp-content\/uploads\/2022\/02\/Color-logo-with-background-_-round-150x150.png 150w, https:\/\/aef-elkantara.fr\/wp-content\/uploads\/2022\/02\/Color-logo-with-background-_-round-768x768.png 768w, https:\/\/aef-elkantara.fr\/wp-content\/uploads\/2022\/02\/Color-logo-with-background-_-round-1536x1536.png 1536w, https:\/\/aef-elkantara.fr\/wp-content\/uploads\/2022\/02\/Color-logo-with-background-_-round-2048x2048.png 2048w\" sizes=\"(max-width: 300px) 100vw, 300px\" \/>\t\t\t\t\t\t\t\t\t\t\t\t\t\t\t<\/div>\n\t\t\t\t<\/div>\n\t\t\t\t<div class=\"elementor-element elementor-element-f4040f4 elementor-widget elementor-widget-wpforms\" data-id=\"f4040f4\" data-element_type=\"widget\" data-e-type=\"widget\" data-widget_type=\"wpforms.default\">\n\t\t\t\t<div class=\"elementor-widget-container\">\n\t\t\t\t\t<div class=\"wpforms-container wpforms-container-full\" id=\"wpforms-348\"><form id=\"wpforms-form-348\" class=\"wpforms-validate wpforms-form wpforms-ajax-form\" data-formid=\"348\" method=\"post\" enctype=\"multipart\/form-data\" action=\"\/index.php\/wp-json\/wp\/v2\/pages\/342\" data-token=\"7bf619f710c5e3d45df3105b24312007\" data-token-time=\"1775370937\"><noscript class=\"wpforms-error-noscript\">Veuillez activer JavaScript dans votre navigateur pour remplir ce formulaire.<\/noscript><div class=\"wpforms-field-container\"><div id=\"wpforms-348-field_0-container\" class=\"wpforms-field wpforms-field-name\" data-field-id=\"0\"><label class=\"wpforms-field-label\">Identit\u00e9 <span class=\"wpforms-required-label\">*<\/span><\/label><div class=\"wpforms-field-row wpforms-field-medium\"><div class=\"wpforms-field-row-block wpforms-first wpforms-one-half\"><input type=\"text\" id=\"wpforms-348-field_0\" class=\"wpforms-field-name-first wpforms-field-required\" name=\"wpforms[fields][0][first]\" required><label for=\"wpforms-348-field_0\" class=\"wpforms-field-sublabel after\">Pr\u00e9nom<\/label><\/div><div class=\"wpforms-field-row-block wpforms-one-half\"><input type=\"text\" id=\"wpforms-348-field_0-last\" class=\"wpforms-field-name-last wpforms-field-required\" name=\"wpforms[fields][0][last]\" required><label for=\"wpforms-348-field_0-last\" class=\"wpforms-field-sublabel after\">Nom<\/label><\/div><\/div><\/div><div id=\"wpforms-348-field_1-container\" class=\"wpforms-field wpforms-field-email\" data-field-id=\"1\"><label class=\"wpforms-field-label\" for=\"wpforms-348-field_1\">Email <span class=\"wpforms-required-label\">*<\/span><\/label><input type=\"email\" id=\"wpforms-348-field_1\" class=\"wpforms-field-medium wpforms-field-required\" name=\"wpforms[fields][1]\" spellcheck=\"false\" required><\/div><div id=\"wpforms-348-field_2-container\" class=\"wpforms-field wpforms-field-textarea\" data-field-id=\"2\"><label class=\"wpforms-field-label\" for=\"wpforms-348-field_2\">Votre message <span class=\"wpforms-required-label\">*<\/span><\/label><textarea id=\"wpforms-348-field_2\" class=\"wpforms-field-medium wpforms-field-required\" name=\"wpforms[fields][2]\" required><\/textarea><\/div><div id=\"wpforms-348-field_3-container\" class=\"wpforms-field wpforms-field-gdpr-checkbox\" data-field-id=\"3\"><label class=\"wpforms-field-label\">Accord RGPD <span class=\"wpforms-required-label\">*<\/span><\/label><ul id=\"wpforms-348-field_3\" class=\"wpforms-field-required\"><li class=\"choice-1\"><input type=\"checkbox\" id=\"wpforms-348-field_3_1\" name=\"wpforms[fields][3][]\" value=\"Je consens \u00e0 ce que ce site stocke mes informations envoy\u00e9es afin qu\u2019ils puissent r\u00e9pondre \u00e0 ma requ\u00eate.\" required ><label class=\"wpforms-field-label-inline\" for=\"wpforms-348-field_3_1\">Je consens \u00e0 ce que ce site stocke mes informations envoy\u00e9es afin qu\u2019ils puissent r\u00e9pondre \u00e0 ma requ\u00eate.<\/label><\/li><\/ul><\/div><\/div><!-- .wpforms-field-container --><div class=\"wpforms-submit-container\" ><input type=\"hidden\" name=\"wpforms[id]\" value=\"348\"><input type=\"hidden\" name=\"page_title\" value=\"\"><input type=\"hidden\" name=\"page_url\" value=\"https:\/\/aef-elkantara.fr\/index.php\/wp-json\/wp\/v2\/pages\/342\"><input type=\"hidden\" name=\"url_referer\" value=\"\"><button type=\"submit\" name=\"wpforms[submit]\" id=\"wpforms-submit-348\" class=\"wpforms-submit\" data-alt-text=\"envoi...\" data-submit-text=\"ENVOYER\" aria-live=\"assertive\" value=\"wpforms-submit\">ENVOYER<\/button><img decoding=\"async\" src=\"https:\/\/aef-elkantara.fr\/wp-content\/plugins\/wpforms-lite\/assets\/images\/submit-spin.svg\" class=\"wpforms-submit-spinner\" style=\"display: none;\" width=\"26\" height=\"26\" alt=\"Chargement en cours\"><\/div><\/form><\/div>  <!-- .wpforms-container -->\t\t\t\t<\/div>\n\t\t\t\t<\/div>\n\t\t\t\t\t<\/div>\n\t\t<\/div>\n\t\t\t\t\t<\/div>\n\t\t<\/section>\n\t\t\t\t<section class=\"elementor-section elementor-top-section elementor-element elementor-element-b448f70 elementor-section-full_width elementor-section-height-default elementor-section-height-default\" data-id=\"b448f70\" data-element_type=\"section\" data-e-type=\"section\">\n\t\t\t\t\t\t<div class=\"elementor-container elementor-column-gap-default\">\n\t\t\t\t\t<div class=\"elementor-column elementor-col-100 elementor-top-column elementor-element elementor-element-6d446f6\" data-id=\"6d446f6\" data-element_type=\"column\" data-e-type=\"column\">\n\t\t\t<div class=\"elementor-widget-wrap elementor-element-populated\">\n\t\t\t\t\t\t<div class=\"elementor-element elementor-element-1306b39 elementor-widget elementor-widget-google_maps\" data-id=\"1306b39\" data-element_type=\"widget\" data-e-type=\"widget\" data-widget_type=\"google_maps.default\">\n\t\t\t\t<div class=\"elementor-widget-container\">\n\t\t\t\t\t\t\t<div class=\"elementor-custom-embed\">\n\t\t\t<iframe loading=\"lazy\"\n\t\t\t\t\tsrc=\"https:\/\/maps.google.com\/maps?q=IDF&#038;t=m&#038;z=8&#038;output=embed&#038;iwloc=near\"\n\t\t\t\t\ttitle=\"IDF\"\n\t\t\t\t\taria-label=\"IDF\"\n\t\t\t><\/iframe>\n\t\t<\/div>\n\t\t\t\t\t\t<\/div>\n\t\t\t\t<\/div>\n\t\t\t\t\t<\/div>\n\t\t<\/div>\n\t\t\t\t\t<\/div>\n\t\t<\/section>\n\t\t\t\t<\/div>\n\t\t","protected":false},"excerpt":{"rendered":"<p>AEF el Kantara +33 (0)6 02 17 67 18 &nbsp; du lundi au Vendredi- 8:00-19:00<\/p>\n","protected":false},"author":1,"featured_media":14,"parent":0,"menu_order":0,"comment_status":"closed","ping_status":"closed","template":"","meta":{"_themeisle_gutenberg_block_has_review":false,"footnotes":""},"class_list":["post-342","page","type-page","status-publish","has-post-thumbnail","hentry"],"yoast_head":"<!-- This site is optimized with the Yoast SEO plugin v27.3 - https:\/\/yoast.com\/product\/yoast-seo-wordpress\/ -->\n<title>Contact - AEF el Kantara<\/title>\n<meta name=\"description\" content=\"Pour toute question concernant l\u2019association AEF El Kantara, Vous pouvez nous contacter par t\u00e9l\u00e9phone ou via le formulaire de contact\" \/>\n<meta name=\"robots\" content=\"index, follow, max-snippet:-1, max-image-preview:large, max-video-preview:-1\" \/>\n<link rel=\"canonical\" href=\"https:\/\/aef-elkantara.fr\/index.php\/contact\/\" \/>\n<meta property=\"og:locale\" content=\"fr_FR\" \/>\n<meta property=\"og:type\" content=\"article\" \/>\n<meta property=\"og:title\" content=\"Contact - AEF el Kantara\" \/>\n<meta property=\"og:description\" content=\"Pour toute question concernant l\u2019association AEF El Kantara, Vous pouvez nous contacter par t\u00e9l\u00e9phone ou via le formulaire de contact\" \/>\n<meta property=\"og:url\" content=\"https:\/\/aef-elkantara.fr\/index.php\/contact\/\" \/>\n<meta property=\"og:site_name\" content=\"AEF el Kantara\" \/>\n<meta property=\"article:modified_time\" content=\"2022-03-21T17:24:54+00:00\" \/>\n<meta property=\"og:image\" content=\"http:\/\/aef-elkantara.fr\/wp-content\/uploads\/2022\/02\/les-gorges.jpg\" \/>\n\t<meta property=\"og:image:width\" content=\"1280\" \/>\n\t<meta property=\"og:image:height\" content=\"720\" \/>\n\t<meta property=\"og:image:type\" content=\"image\/jpeg\" \/>\n<meta name=\"twitter:card\" content=\"summary_large_image\" \/>\n<meta name=\"twitter:label1\" content=\"Dur\u00e9e de lecture estim\u00e9e\" \/>\n\t<meta name=\"twitter:data1\" content=\"1 minute\" \/>\n<script type=\"application\/ld+json\" class=\"yoast-schema-graph\">{\"@context\":\"https:\\\/\\\/schema.org\",\"@graph\":[{\"@type\":\"WebPage\",\"@id\":\"https:\\\/\\\/aef-elkantara.fr\\\/index.php\\\/contact\\\/\",\"url\":\"https:\\\/\\\/aef-elkantara.fr\\\/index.php\\\/contact\\\/\",\"name\":\"Contact - AEF el Kantara\",\"isPartOf\":{\"@id\":\"https:\\\/\\\/aef-elkantara.fr\\\/#website\"},\"primaryImageOfPage\":{\"@id\":\"https:\\\/\\\/aef-elkantara.fr\\\/index.php\\\/contact\\\/#primaryimage\"},\"image\":{\"@id\":\"https:\\\/\\\/aef-elkantara.fr\\\/index.php\\\/contact\\\/#primaryimage\"},\"thumbnailUrl\":\"https:\\\/\\\/aef-elkantara.fr\\\/wp-content\\\/uploads\\\/2022\\\/02\\\/les-gorges.jpg\",\"datePublished\":\"2022-02-16T14:47:05+00:00\",\"dateModified\":\"2022-03-21T17:24:54+00:00\",\"description\":\"Pour toute question concernant l\u2019association AEF El Kantara, Vous pouvez nous contacter par t\u00e9l\u00e9phone ou via le formulaire de contact\",\"breadcrumb\":{\"@id\":\"https:\\\/\\\/aef-elkantara.fr\\\/index.php\\\/contact\\\/#breadcrumb\"},\"inLanguage\":\"fr-FR\",\"potentialAction\":[{\"@type\":\"ReadAction\",\"target\":[\"https:\\\/\\\/aef-elkantara.fr\\\/index.php\\\/contact\\\/\"]}]},{\"@type\":\"ImageObject\",\"inLanguage\":\"fr-FR\",\"@id\":\"https:\\\/\\\/aef-elkantara.fr\\\/index.php\\\/contact\\\/#primaryimage\",\"url\":\"https:\\\/\\\/aef-elkantara.fr\\\/wp-content\\\/uploads\\\/2022\\\/02\\\/les-gorges.jpg\",\"contentUrl\":\"https:\\\/\\\/aef-elkantara.fr\\\/wp-content\\\/uploads\\\/2022\\\/02\\\/les-gorges.jpg\",\"width\":1280,\"height\":720},{\"@type\":\"BreadcrumbList\",\"@id\":\"https:\\\/\\\/aef-elkantara.fr\\\/index.php\\\/contact\\\/#breadcrumb\",\"itemListElement\":[{\"@type\":\"ListItem\",\"position\":1,\"name\":\"Accueil\",\"item\":\"https:\\\/\\\/aef-elkantara.fr\\\/\"},{\"@type\":\"ListItem\",\"position\":2,\"name\":\"Contact\"}]},{\"@type\":\"WebSite\",\"@id\":\"https:\\\/\\\/aef-elkantara.fr\\\/#website\",\"url\":\"https:\\\/\\\/aef-elkantara.fr\\\/\",\"name\":\"AEF el Kantara\",\"description\":\"Assoc d\u2019El Kantara vivant en France\",\"publisher\":{\"@id\":\"https:\\\/\\\/aef-elkantara.fr\\\/#organization\"},\"potentialAction\":[{\"@type\":\"SearchAction\",\"target\":{\"@type\":\"EntryPoint\",\"urlTemplate\":\"https:\\\/\\\/aef-elkantara.fr\\\/?s={search_term_string}\"},\"query-input\":{\"@type\":\"PropertyValueSpecification\",\"valueRequired\":true,\"valueName\":\"search_term_string\"}}],\"inLanguage\":\"fr-FR\"},{\"@type\":\"Organization\",\"@id\":\"https:\\\/\\\/aef-elkantara.fr\\\/#organization\",\"name\":\"AEF el Kantara\",\"url\":\"https:\\\/\\\/aef-elkantara.fr\\\/\",\"logo\":{\"@type\":\"ImageObject\",\"inLanguage\":\"fr-FR\",\"@id\":\"https:\\\/\\\/aef-elkantara.fr\\\/#\\\/schema\\\/logo\\\/image\\\/\",\"url\":\"https:\\\/\\\/aef-elkantara.fr\\\/wp-content\\\/uploads\\\/2022\\\/02\\\/Black-logo-no-background.png\",\"contentUrl\":\"https:\\\/\\\/aef-elkantara.fr\\\/wp-content\\\/uploads\\\/2022\\\/02\\\/Black-logo-no-background.png\",\"width\":3183,\"height\":3113,\"caption\":\"AEF el Kantara\"},\"image\":{\"@id\":\"https:\\\/\\\/aef-elkantara.fr\\\/#\\\/schema\\\/logo\\\/image\\\/\"}}]}<\/script>\n<!-- \/ Yoast SEO plugin. -->","yoast_head_json":{"title":"Contact - AEF el Kantara","description":"Pour toute question concernant l\u2019association AEF El Kantara, Vous pouvez nous contacter par t\u00e9l\u00e9phone ou via le formulaire de contact","robots":{"index":"index","follow":"follow","max-snippet":"max-snippet:-1","max-image-preview":"max-image-preview:large","max-video-preview":"max-video-preview:-1"},"canonical":"https:\/\/aef-elkantara.fr\/index.php\/contact\/","og_locale":"fr_FR","og_type":"article","og_title":"Contact - AEF el Kantara","og_description":"Pour toute question concernant l\u2019association AEF El Kantara, Vous pouvez nous contacter par t\u00e9l\u00e9phone ou via le formulaire de contact","og_url":"https:\/\/aef-elkantara.fr\/index.php\/contact\/","og_site_name":"AEF el Kantara","article_modified_time":"2022-03-21T17:24:54+00:00","og_image":[{"width":1280,"height":720,"url":"http:\/\/aef-elkantara.fr\/wp-content\/uploads\/2022\/02\/les-gorges.jpg","type":"image\/jpeg"}],"twitter_card":"summary_large_image","twitter_misc":{"Dur\u00e9e de lecture estim\u00e9e":"1 minute"},"schema":{"@context":"https:\/\/schema.org","@graph":[{"@type":"WebPage","@id":"https:\/\/aef-elkantara.fr\/index.php\/contact\/","url":"https:\/\/aef-elkantara.fr\/index.php\/contact\/","name":"Contact - AEF el Kantara","isPartOf":{"@id":"https:\/\/aef-elkantara.fr\/#website"},"primaryImageOfPage":{"@id":"https:\/\/aef-elkantara.fr\/index.php\/contact\/#primaryimage"},"image":{"@id":"https:\/\/aef-elkantara.fr\/index.php\/contact\/#primaryimage"},"thumbnailUrl":"https:\/\/aef-elkantara.fr\/wp-content\/uploads\/2022\/02\/les-gorges.jpg","datePublished":"2022-02-16T14:47:05+00:00","dateModified":"2022-03-21T17:24:54+00:00","description":"Pour toute question concernant l\u2019association AEF El Kantara, Vous pouvez nous contacter par t\u00e9l\u00e9phone ou via le formulaire de contact","breadcrumb":{"@id":"https:\/\/aef-elkantara.fr\/index.php\/contact\/#breadcrumb"},"inLanguage":"fr-FR","potentialAction":[{"@type":"ReadAction","target":["https:\/\/aef-elkantara.fr\/index.php\/contact\/"]}]},{"@type":"ImageObject","inLanguage":"fr-FR","@id":"https:\/\/aef-elkantara.fr\/index.php\/contact\/#primaryimage","url":"https:\/\/aef-elkantara.fr\/wp-content\/uploads\/2022\/02\/les-gorges.jpg","contentUrl":"https:\/\/aef-elkantara.fr\/wp-content\/uploads\/2022\/02\/les-gorges.jpg","width":1280,"height":720},{"@type":"BreadcrumbList","@id":"https:\/\/aef-elkantara.fr\/index.php\/contact\/#breadcrumb","itemListElement":[{"@type":"ListItem","position":1,"name":"Accueil","item":"https:\/\/aef-elkantara.fr\/"},{"@type":"ListItem","position":2,"name":"Contact"}]},{"@type":"WebSite","@id":"https:\/\/aef-elkantara.fr\/#website","url":"https:\/\/aef-elkantara.fr\/","name":"AEF el Kantara","description":"Assoc d\u2019El Kantara vivant en France","publisher":{"@id":"https:\/\/aef-elkantara.fr\/#organization"},"potentialAction":[{"@type":"SearchAction","target":{"@type":"EntryPoint","urlTemplate":"https:\/\/aef-elkantara.fr\/?s={search_term_string}"},"query-input":{"@type":"PropertyValueSpecification","valueRequired":true,"valueName":"search_term_string"}}],"inLanguage":"fr-FR"},{"@type":"Organization","@id":"https:\/\/aef-elkantara.fr\/#organization","name":"AEF el Kantara","url":"https:\/\/aef-elkantara.fr\/","logo":{"@type":"ImageObject","inLanguage":"fr-FR","@id":"https:\/\/aef-elkantara.fr\/#\/schema\/logo\/image\/","url":"https:\/\/aef-elkantara.fr\/wp-content\/uploads\/2022\/02\/Black-logo-no-background.png","contentUrl":"https:\/\/aef-elkantara.fr\/wp-content\/uploads\/2022\/02\/Black-logo-no-background.png","width":3183,"height":3113,"caption":"AEF el Kantara"},"image":{"@id":"https:\/\/aef-elkantara.fr\/#\/schema\/logo\/image\/"}}]}},"_links":{"self":[{"href":"https:\/\/aef-elkantara.fr\/index.php\/wp-json\/wp\/v2\/pages\/342","targetHints":{"allow":["GET"]}}],"collection":[{"href":"https:\/\/aef-elkantara.fr\/index.php\/wp-json\/wp\/v2\/pages"}],"about":[{"href":"https:\/\/aef-elkantara.fr\/index.php\/wp-json\/wp\/v2\/types\/page"}],"author":[{"embeddable":true,"href":"https:\/\/aef-elkantara.fr\/index.php\/wp-json\/wp\/v2\/users\/1"}],"replies":[{"embeddable":true,"href":"https:\/\/aef-elkantara.fr\/index.php\/wp-json\/wp\/v2\/comments?post=342"}],"version-history":[{"count":14,"href":"https:\/\/aef-elkantara.fr\/index.php\/wp-json\/wp\/v2\/pages\/342\/revisions"}],"predecessor-version":[{"id":799,"href":"https:\/\/aef-elkantara.fr\/index.php\/wp-json\/wp\/v2\/pages\/342\/revisions\/799"}],"wp:featuredmedia":[{"embeddable":true,"href":"https:\/\/aef-elkantara.fr\/index.php\/wp-json\/wp\/v2\/media\/14"}],"wp:attachment":[{"href":"https:\/\/aef-elkantara.fr\/index.php\/wp-json\/wp\/v2\/media?parent=342"}],"curies":[{"name":"wp","href":"https:\/\/api.w.org\/{rel}","templated":true}]}}